 4*s - 3. Let l = -22 + 16. Let d(a) = -2*a**2 + 24*a - 25. Calculate the remainder when t(l) is divided by d(10).
12
Let f(m) = -m**3 - 8*m**2 + 7*m - 11. Let g be f(-9). Let q = 35 - g. What is the remainder when q is divided by 6?
4
Let h be 7*(-1 + 260/28). Suppose 3*r - 2*s - h = 0, r - 4*s = 6*r - 60. Calculate the remainder when ((-10)/15)/(1/(-45)) is divided by r.
14
Let z be 20/(-1) + 0/(-1). Let x = -18 - z. Suppose i - x*i = -49. Calculate the remainder when i is divided by 17.
15
Let h = -497 + 515. Calculate the remainder when 215 is divided by h.
17
Suppose -7*n + 206 = -5*n. Suppose -4*k = -20, 3*d + 2*k + 3*k - n = 0. What is the remainder when d is divided by 7?
5
Let x be 2*(-3)/6 + (-2)/(-2). Let a(c) = c - 29 + 38 + 53. Calculate the remainder when a(x) is divided by 13.
10
Let n(w) = -3 - 1 + 3 + w + 2. Calculate the remainder when n(8) is divided by 8.
1
Suppose 314 = 4*l - 5*w, -2*l - 2*w + 39 = -109. What is the remainder when 1518 is divided by l?
74
Let t be (-13)/(-5) + (-2)/(-5). Suppose 3*g - 68 = -4*i + 254, t*g = 6. Suppose 3*r - 116 = i. Calculate the remainder when r is divided by 17.
14
Suppose 8*d - 9*d + 32 = 0. Let x = 164 - 103. What is the remainder when x is divided by d?
29
Suppose -2*s + 14 = v, -17 = -4*s - s + 2*v. What is the remainder when 39 is divided by s?
4
Suppose -4*x = -15*x - 2827. Let v = x - -380. Calculate the remainder when v is divided by 25.
23
Let q = -1 - -1. Let h be q + (1 - 1 - -1). Calculate the remainder when 35 is divided by 6*h/2*4.
11
Let d(n) be the second derivative of n**3/3 + 16*n**2 + 15*n. What is the remainder when d(-6) is divided by 8?
4
Suppose 3 = 3*t - j, -5*t - 4*j + 16 = -6. Suppose -t*g = -5 - 23. What is the remainder when 69 is divided by g?
13
Suppose 200 = -3*x + t - 3*t, x = -3*t - 55. Let s = x + 141. What is the remainder when s is divided by 36?
35
Let d(o) = -44*o - 14. What is the remainder when d(-4) is divided by 41?
39
Let z = 272 - 224. Calculate the remainder when 190 is divided by z.
46
Suppose 0 = o - 3 - 56. Let v(j) = 5*j - 10. Let u be ((0 - -2) + -18)/(-2). What is the remainder when o is divided by v(u)?
29
Let z(u) be the second derivative of -u**3/6 + u**2/2 + 34*u. Suppose -t + 5 = -15. What is the remainder when t is divided by z(-11)?
8
Let m(h) = 2*h**2 + 13*h + 28. Calculate the remainder when 115/(-2)*12/(-10) is divided by m(-3).
6
Suppose 3*f + 15 = 5*v, -2*v = -0*f + 2*f + 10. Let t = 36 + v. What is the remainder when 71 is divided by t?
35
Suppose n = -2*o + 29, -52 = -2*n + 6*o - 4*o. What is the remainder when 187 is divided by n?
25
Suppose -63 = 1484*p - 1493*p. Calculate the remainder when (-6)/4*(-14 - -2) is divided by p.
4
Suppose -5*u + 19 = 3*k, 0 = k + 5*u - 3. Let n(r) = -3 + 3*r - r + k*r. What is the remainder when n(7) is divided by 17?
16
Suppose 0 = -2*n + 4*n - 28. Suppose -5*s + 5*a = 380, 0 = -2*s + 5*s - 5*a + 236. Let q = -47 - s. What is the remainder when q is divided by n?
11
Let i = -25 - -38. Calculate the remainder when 35 is divided by i.
9
Let f = 88 - 27. Let a = -26 + f. Calculate the remainder when 136 is divided by a.
31
Suppose -47*h = 4*z - 51*h - 412, -2*h - 497 = -5*z. Let w(p) = 7*p**2 - 2. Calculate the remainder when z is divided by w(2).
19
Suppose -q + 0*q - 17 = 3*j, -2*j - 18 = 2*q. What is the remainder when 102/9 + j/24*2 is divided by 6?
5
Calculate the remainder when 2/9 - (-189520)/414 is divided by 115.
113
Let o(q) = -8*q - q**2 - q + 7*q - q**3 + 18. Suppose 0 = -0*h - h. What is the remainder when o(h) is divided by 5?
3
Suppose 10*n = 7*n + 732. What is the remainder when n is divided by 35?
34
Suppose -15 = 2*c + 3*c. Let j = 0 - c. Suppose -2*n = -5*v + 21, n - 28 = -4*v - j*n. Calculate the remainder when v is divided by 2.
1
Let q(c) = -3*c**2 + 15*c + 179. What is the remainder when 126 is divided by q(10)?
10
Let o = 499 + -473. Calculate the remainder when 98 is divided by o.
20
Let y(g) = g - 18. Let b be y(21). Suppose -20 = -4*d, b*h - 5*d - 74 = -0*d. Calculate the remainder when 64 is divided by h.
31
Suppose -3*f - 36 = -2*q, q - 23 = -0*q + 4*f. Suppose -3*x = -5*m - 76 - 8, -5*x + 140 = 4*m. Calculate the remainder when x is divided by q.
13
Let z(q) = -5*q**2 - 10*q. Let c(l) = -l**2 - 2*l. Let k(s) = -22*c(s) + 4*z(s). Let y be k(-3). What is the remainder when (28 - y) + 8/(-2) is divided by 10?
8
Suppose -4*k - 22 = -2*k. Suppose -33 = 4*o + m, -5*m = 2*o - 3 + 6. Let b = o - k. Calculate the remainder when 4 is divided by b.
0
Suppose 53*h = 20*h + 264. Calculate the remainder when 143 is divided by h.
7
Suppose 5*t - 4*t = -88. What is the remainder when 42 is divided by t/(-2)*2/(-12)*-3?
20
Suppose 0 = 2*j + 4*k - 174, -k + 267 = 3*j + 3*k. Let m = 16 - 11. Suppose m*c - 126 = c + 2*i, -3*c + i = -j. Calculate the remainder when c is divided by 18.
12
Let w = -1010 + 1100. What is the remainder when 987 is divided by w?
87
Let g = -26 + 9. Let w = g + 18. Calculate the remainder when 5 is divided by w.
0
Suppose 3*f - 2 = -3*k + 502, -2*k = -3*f - 341. Calculate the remainder when k is divided by 49.
22
Suppose -76 = -4*m - x, 8*m + 43 - 199 = -x. Let w(k) = k**2 + 2*k - 1. Let a be w(-3). Suppose 24 = 4*z - a*z. What is the remainder when m is divided by z?
8
Let o be (-3)/2*(-9)/((-216)/32). Let g(q) = -615*q. Let k be g(-4). Calculate the remainder when 1/o - k/(-24) is divided by 26.
24
Let w be (1*20)/((-6)/(-12)). Suppose 0 = w*c - 39*c - 83. Calculate the remainder when c is divided by 17.
15
Let c(p) = -28*p - 1. Suppose 17*k = 20*k - 45. Calculate the remainder when c(-2) is divided by k.
10
Suppose 29*a - 3*x - 291 = 27*a, -4*a + 573 = -3*x. Calculate the remainder when a is divided by (-2)/4 + (-74)/(-4).
15
Let p(s) = -s**3 + 38*s**2 - 53*s + 3. What is the remainder when p(36) is divided by 46?
43
Let n(v) = 2*v**3 + 26*v**2 + 24*v + 15. Calculate the remainder when 337 is divided by n(-12).
7
Let p = 2420 - 2296. Calculate the remainder when p is divided by 69.
55
Let s = 39 + 1. Calculate the remainder when s is divided by 16.
8
Let x = -1071 - -1080. Calculate the remainder when 37 is divided by x.
1
What is the remainder when 168 is divided by (14 - -1) + 19/((-190)/20)?
12
Suppose -5*h = -7*h + 4. Suppose 0 = h*k - 3*g - 24, -2*g - 2*g + 8 = 0. Calculate the remainder when 73 is divided by k.
13
Suppose -33 = 5*q + 2. Let g(t) = -23*t - t**2 + 1 + 2*t - 2 + 13*t. What is the remainder when 20 is divided by g(q)?
2
Let q(l) = -l**2 - l + 16. Let k(x) = x - 3. Let g be k(3). Suppose 12 = -5*n + 8*n, -51 = -v - n. What is the remainder when v is divided by q(g)?
15
Let a(z) = -7*z + 53. What is the remainder when 41 is divided by a(7)?
1
Suppose -m = -2*b - 10, b = m - 6 + 1. Suppose m = 5*u - 16 - 14. What is the remainder when 23 is divided by u?
5
Let k = 114 + -72. Suppose -k - 122 = -2*t. Let o(x) = -x**3 + 5*x**2 + 2*x - 3. What is the remainder when t is divided by o(3)?
19
Suppose -38*r + 34*r = -1836. Calculate the remainder when r is divided by 11.
8
Let r(j) = -j**3 + 5*j**2 + 7*j + 2. Let i = 4 + 1. Calculate the remainder when 12/(-7)*-21*3 is divided by r(i).
34
Suppose -5*k = -3*r, -2*r + 5*k + 10 = 3*r. Suppose -r*z = 3*s - s - 227, 5*z + 4*s = 229. What is the remainder when z is divided by 12?
9
Let a(w) = -w**3 + w**2 - w + 111. Calculate the remainder when a(0) is divided by 3.
0
Let l(j) = -j**2 + j + 19. Let b = 47 - 47. Calculate the remainder when l(b) is divided by 4.
3
Suppose 16*p - 1510 = 6*p. Calculate the remainder when p is divided by 64.
23
Suppose -413 = 28*t - 35*t. What is the remainder when 116 is divided by t?
57
Suppose 2*i - 4*b - 151 = b, 349 = 5*i - 3*b. What is the remainder when 66 is divided by (-2)/(3 + (-208)/i)?
32
Calculate the remainder when 230 is divided by 13 + -13 - (-1 + -25 + 0).
22
Suppose -94 = 4*q - 10. What is the remainder when 78 is divided by 138/7 - 6/q?
18
Let q(n) = n + 5*n**2 + 3 - 4*n**3 + 5*n**3 + 3*n. Calculate the remainder when q(-4) is divided by 2.
1
Suppose 0 = -7*g + 2*g + 2055. Suppose -7*i + g = 138. What is the remainder when i is divided by 10?
9
Let d(k) = k + 7. Let u be d(-7). Suppose -3*f + u = -6. Suppose -f*b + 4*b - 126 = 0. Calculate the remai